898?
8
What is the hundreds digit of 2219?
2
What is the tens digit of 1434?
3
What is the hundreds digit of 365?
3
What is the hundreds digit of 3143?
1
What is the tens digit of 4101?
0
What is the tens digit of 481?
8
What is the thousands digit of 8634?
8
What is the units digit of 3754?
4
What is the thousands digit of 5364?
5
What is the units digit of 215?
5
What is the hundreds digit of 156708?
7
What is the tens digit of 55059?
5
What is the units digit of 5745?
5
What is the units digit of 4707?
7
What is the units digit of 974?
4
What is the hundreds digit of 2057?
0
What is the thousands digit of 30753?
0
What is the tens digit of 317?
1
What is the hundreds digit of 13673?
6
What is the units digit of 80836?
6
What is the units digit of 10?
0
What is the hundreds digit of 2930?
9
What is the units digit of 16763?
3
What is the tens digit of 93764?
6
What is the units digit of 7287?
7
What is the thousands digit of 6627?
6
What is the tens digit of 6452?
5
What is the thousands digit of 4132?
4
What is the hundreds digit of 25237?
2
What is the tens digit of 52042?
4
What is the units digit of 16973?
3
What is the hundreds digit of 1662?
6
What is the thousands digit of 1108?
1
What is the hundreds digit of 14039?
0
What is the hundred thousands digit of 134979?
1
What is the ten thousands digit of 11804?
1
What is the units digit of 8105?
5
What is the tens digit of 44226?
2
What is the tens digit of 2881?
8
What is the hundreds digit of 21099?
0
What is the units digit of 65950?
0
What is the units digit of 27227?
7
What is the ten thousands digit of 90040?
9
What is the tens digit of 50554?
5
What is the hundreds digit of 5324?
3
What is the tens digit of 59624?
2
What is the units digit of 8374?
4
What is the units digit of 193?
3
What is the units digit of 1047?
7
What is the units digit of 1?
1
What is the tens digit of 781?
8
What is the tens digit of 2633?
3
What is the tens digit of 12432?
3
What is the ten thousands digit of 14491?
1
What is the thousands digit of 8860?
8
What is the thousands digit of 5308?
5
What is the thousands digit of 39316?
9
What is the thousands digit of 26383?
6
What is the hundreds digit of 8153?
1
What is the hundreds digit of 42521?
5
What is the thousands digit of 131998?
1
What is the units digit of 169605?
5
What is the ten thousands digit of 54072?
5
What is the thousands digit of 1037?
1
What is the units digit of 8267?
7
What is the tens digit of 10079?
7
What is the hundreds digit of 12954?
9
What is the hundreds digit of 8750?
7
What is the hundreds digit of 166072?
0
What is the ten thousands digit of 84498?
8
What is the units digit of 45?
5
What is the thousands digit of 1116?
1
What is the thousands digit of 19742?
9
What is the tens digit of 9270?
7
What is the hundreds digit of 6904?
9
What is the hundreds digit of 2653?
6
What is the ten thousands digit of 61176?
6
What is the tens digit of 43785?
8
What is the hundreds digit of 6226?
2
What is the units digit of 92600?
0
What is the tens digit of 1569?
6
What is the tens digit of 24054?
5
What is the hundreds digit of 36194?
1
What is the ten thousands digit of 105519?
0
What is the thousands digit of 69073?
9
What is the units digit of 45439?
9
What is the hundreds digit of 1993?
9
What is the hundreds digit of 40494?
4
What is the thousands digit of 2793?
2
What is the hundreds digit of 3858?
8
What is the thousands digit of 2859?
2
What is the thousands digit of 1962?
1
What is the hundreds digit of 532?
5
What is the thousands digit of 31660?
1
What is the units digit of 84?
4
What is the hundreds digit of 1425?
4
What is the hundreds digit of 2429?
4
What is the ten thousands digit of 22589?
2
What is the hundreds digit of 20182?
1
What is the thousands digit of 1822?
1
What is the tens digit of 486?
8
What is the tens digit of 35445?
4
What is the thousands digit of 48768?
8
What is the units digit of 587?
7
What is the thousands digit of 1074?
1
What is the units digit of 44876?
6
What is the thousands digit of 10324?
0
What is the units digit of 1527?
7
What is the thousands digit of 2288?
2
What is the units digit of 22795?
5
What is the hundreds digit of 24061?
0
What is the hundreds digit of 1167?
1
What is the thousands digit of 2570?
2
What is the units digit of 20647?
7
What is the thousands digit of 1388?
1
What is the tens digit of 300?
0
What is the thousands digit of 95181?
5
What is the units digit of 39954?
4
What is the thousands digit of 1374?
1
What is the tens digit of 951?
5
What is the units digit of 15846?
6
What is the tens digit of 1487?
8
What is the units digit of 526?
6
What is the ten thousands digit of 10112?
1
What is the hundreds digit of 987?
9
What is the tens digit of 118?
1
What is the tens digit of 4406?
0
What is the hundreds digit of 305?
3
What is the tens digit of 2486?
8
What is the units digit of 738?
8
What is the tens digit of 5155?
5
What is the hundreds digit of 66132?
1
What is the thousands digit of 62994?
2
What is the thousands digit of 32372?
2
What is the units digit of 5707?
7
What is the units digit of 99?
9
What is the thousands digit of 2271?
2
What is the thousands digit of 10039?
0
What is the tens digit of 26210?
1
What is the tens digit of 2205?
0
What is the hundred thousands digit of 107061?
1
What is the units digit of 1375?
5
What is the hundreds digit of 6676?
6
What is the units digit of 614?
4
What is the thousands digit of 9084?
9
What is the ten thousands digit of 25696?
2
What is the thousands digit of 17560?
7
What is the hundreds digit of 1100?
1
What is the tens digit of 2162?
6
What is the units digit of 1970?
0
What is the thousands digit of 6956?
6
What is the tens digit of 6610?
1
What is the ten thousands digit of 19433?
1
What is the ten thousands digit of 32955?
3
What is the thousands digit of 1326?
1
What is the units digit of 337?
7
What is the tens digit of 32859?
5
What is the ten thousands digit of 46013?
4
What is the ten thousands digit of 16369?
1
What is the hundreds digit of 4667?
6
What is the thousands digit of 10307?
0
What is the units digit of 1254?
4
What is the hundreds digit of 228?
2
What is the tens digit of 3196?
9
What is the hundreds digit of 634?
6
What is the hundreds digit of 413?
4
What is the hundreds digit of 728?
7
What is the ten thousands digit of 33427?
3
What is the ten thousands digit of 15506?
1
What is the units digit of 26523?
3
What is the hundreds digit of 274?
2
What is the units digit of 1807?
7
What is the units digit of 1027?
7
What is the hundreds digit of 10098?
0
What is the tens digit of 1850?
5
What is the tens digit of 10579?
7
What is the thousands digit of 15174?
5
What is the tens digit of 14112?
1
What is the tens digit of 5430?
3
What is the units digit of 233?
3
What is the tens digit of 5387?
8
What is the tens digit of 10018?
1
What is the hundreds digit of 5440?
4
What is the thousands digit of 14095?
4
What is the thousands digit of 70387?
0
What is the thousands digit of 1589?
1
What is the units digit of 804?
4
What is the thousands digit of 107160?
7
What is the tens digit of 149824?
2
What is the tens digit of 3255?
5
What is the hundreds digit of 213?
2
What is the hundreds digit of 355?
3
What is the hundreds digit of 1131?
1
What is the tens digit of 16932?
3
What is the units digit of 588?
8
What is the tens digit of 32351?
5
What is the hundreds digit of 657?
6
What is the tens digit of 3294?
9
What is the hundreds digit of 1062?
0
What is the tens digit of 3443?
4
What is the tens digit of 7647?
4
What is the thousands digit of 23603?
3
What is the hundreds digit of 943?
9
What is the units digit of 566?
6
What is the ten thousands digit of 34158?
3
What is the tens digit of 5221?
2
What is the units digit of 8670?
0
What is the hundreds digit of 8496?
4
What is the thousands digit of 10083?
0
What is the hundreds digit of 5493?
4
What is the units digit of 1317?
7
What is the units digit of 407?
7
What is the tens digit of 18317?
1
What is the units digit of 74907?
7
What is the tens digit of 77?
7
What is the thousands digit of 113554?
3
What is the units digit of 147485?
5
What is the hundreds digit of 273?
2
What is the ten thousands digit of 18076?
1
What is the t